 highest common factor of 3168 and 10428.
132
Calculate the greatest common factor of 988 and 1444.
76
What is the highest common factor of 113526 and 2?
2
What is the highest common divisor of 1264 and 474?
158
What is the highest common divisor of 3171 and 84?
21
What is the highest common divisor of 144147 and 9?
3
What is the greatest common divisor of 1711075 and 100?
25
What is the highest common divisor of 4984 and 1335?
89
What is the highest common divisor of 237 and 147?
3
Calculate the greatest common divisor of 19 and 89129.
19
Calculate the greatest common factor of 66033 and 4176.
261
What is the greatest common divisor of 292 and 1198441?
73
Calculate the highest common factor of 672224 and 2912.
224
Calculate the highest common divisor of 140 and 66262.
14
What is the greatest common divisor of 44640 and 174240?
1440
Calculate the highest common factor of 470 and 3264855.
235
Calculate the highest common factor of 644 and 5964.
28
Calculate the greatest common divisor of 228 and 185124.
12
What is the greatest common factor of 20004 and 1788?
12
What is the highest common factor of 61815 and 349968?
951
What is the greatest common divisor of 64823 and 44?
11
What is the highest common factor of 18167185 and 283?
283
Calculate the greatest common factor of 8741725 and 25.
25
Calculate the greatest common divisor of 1262572 and 4.
4
What is the greatest common divisor of 997559 and 6575?
263
Calculate the highest common factor of 11607 and 6789.
219
What is the greatest common factor of 810 and 47430?
90
Calculate the highest common divisor of 4050 and 28950.
150
Calculate the highest common factor of 9128 and 7672.
56
What is the highest common factor of 1620 and 35370?
270
Calculate the highest common factor of 1316 and 2021.
47
Calculate the highest common divisor of 279 and 36675.
9
Calculate the greatest common divisor of 18 and 39303.
9
What is the greatest common factor of 3594 and 132379?
599
What is the highest common divisor of 53926 and 24678?
914
What is the greatest common divisor of 54978 and 3850?
154
What is the highest common divisor of 117 and 52247?
13
What is the highest common divisor of 1715 and 455?
35
Calculate the highest common divisor of 208 and 27794.
26
What is the highest common factor of 5249 and 114935?
181
Calculate the greatest common factor of 58 and 41383.
29
Calculate the greatest common divisor of 314 and 290.
2
What is the greatest common divisor of 42041 and 68?
17
Calculate the highest common divisor of 525 and 467775.
525
What is the greatest common factor of 19446 and 5928?
6
Calculate the greatest common divisor of 690 and 64515.
345
Calculate the highest common factor of 5738 and 152.
38
What is the highest common factor of 672 and 145056?
96
Calculate the highest common factor of 332 and 6960048.
332
Calculate the highest common factor of 1168 and 2409.
73
What is the highest common divisor of 2709 and 5117?
301
What is the highest common factor of 9042 and 276466?
274
Calculate the greatest common factor of 478488 and 48.
24
What is the highest common factor of 1612 and 208?
52
Calculate the highest common divisor of 240407 and 494.
19
Calculate the greatest common factor of 1368 and 603972.
684
What is the greatest common divisor of 32 and 3232?
32
What is the greatest common divisor of 7242255 and 765?
765
What is the greatest common divisor of 14988897 and 99?
99
What is the greatest common factor of 53339 and 1859?
143
Calculate the highest common divisor of 1955 and 80960.
115
What is the greatest common divisor of 12894 and 1002?
6
What is the greatest common divisor of 1342183 and 488?
61
What is the greatest common factor of 8 and 12248?
8
Calculate the greatest common factor of 72410 and 390.
130
What is the greatest common divisor of 12 and 13501356?
12
Calculate the greatest common divisor of 163821 and 1218.
609
What is the highest common divisor of 576615 and 3900?
195
Calculate the greatest common factor of 39438 and 126.
126
What is the greatest common divisor of 744 and 204042?
186
What is the greatest common factor of 383688 and 216?
72
Calculate the highest common divisor of 263 and 17.
1
Calculate the greatest common divisor of 3310 and 590.
10
What is the greatest common factor of 2012 and 6452?
4
Calculate the greatest common factor of 1710 and 52630.
190
Calculate the highest common divisor of 138 and 111251.
23
Calculate the greatest common divisor of 1479 and 30481.
17
What is the highest common divisor of 153 and 3757?
17
Calculate the highest common factor of 4121249 and 473.
473
Calculate the greatest common divisor of 1058 and 1702.
46
Calculate the highest common divisor of 781 and 38973.
11
Calculate the highest common factor of 160336 and 1056.
176
What is the greatest common divisor of 2013 and 6717?
3
Calculate the greatest common divisor of 72 and 24984.
72
Calculate the greatest common factor of 117 and 311727.
39
Calculate the greatest common factor of 29080 and 540.
20
What is the greatest common divisor of 83951 and 20167?
469
Calculate the greatest common divisor of 688226 and 654.
218
What is the greatest common divisor of 2096 and 1072?
16
What is the highest common divisor of 1898 and 61126?
26
What is the greatest common divisor of 360 and 6520?
40
Calculate the highest common divisor of 1734560 and 37.
37
What is the greatest common factor of 17512 and 21604?
44
Calculate the highest common divisor of 38283 and 21.
21
What is the greatest common divisor of 90 and 5683050?
90
Calculate the greatest common divisor of 232810 and 310.
310
Calculate the highest common divisor of 23218 and 18278.
494
What is the highest common divisor of 180000 and 1248?
96
Calculate the greatest common divisor of 102 and 5257743.
51
What is the highest common factor of 8112 and 5304?
312
What is the greatest common divisor of 12 and 1812702?
6
What is the greatest common divisor of 516 and 57147?
129
Calculate the greatest common factor of 792251 and 986.
493
Calculate the highest common factor of 228 and 289256.
76
Calculate the greatest common factor of 28 and 5156.
4
What is the highest common divisor of 260 and 59020?
260
Calculate the greatest common divisor of 9966 and 8580.
66
Calculate the highest common divisor of 1220 and 79178.
122
What is the highest common factor of 145 and 331586?
29
Calculate the greatest common factor of 63 and 2273418.
63
What is the greatest common factor of 3346799 and 69?
23
What is the highest common divisor of 112 and 2083488?
16
What is the greatest common divisor of 6119 and 725?
29
What is the greatest common factor of 4 and 140102?
2
What is the highest common factor of 414 and 141864?
138
Calculate the greatest common factor of 210 and 227830.
10
What is the highest common factor of 1101350 and 10?
10
Calculate the greatest common divisor of 116435 and 29.
29
Calculate the highest common factor of 45 and 1003200.
15
What is the highest common factor of 334 and 324?
2
Calculate the highest common factor of 901277 and 507.
169
What is the greatest common factor of 102979 and 133719?
1537
What is the greatest common factor of 6 and 79026?
6
What is the greatest common divisor of 255 and 13940?
85
What is the greatest common divisor of 320 and 4140?
20
Calculate the highest common divisor of 144 and 201348.
36
What is the highest common divisor of 7520 and 60?
20
What is the highest common divisor of 39 and 1607203?
13
What is the highest common divisor of 65 and 200356?
13
What is the greatest common divisor of 11356150 and 1300?
650
Calculate the greatest common divisor of 1881 and 943008.
627
What is the highest common divisor of 212400 and 107675?
1475
Calculate the highest common divisor of 19019 and 1881.
209
Calculate the highest common factor of 20568 and 24.
24
Calculate the highest common divisor of 10554 and 72.
6
Calculate the highest common divisor of 29877 and 138.
69
Calculate the greatest common divisor of 8166 and 18.
6
What is the highest common divisor of 10 and 3246?
2
What is the highest common divisor of 975579 and 5661?
1887
Calculate the greatest common factor of 9000 and 441.
9
Calculate the greatest common factor of 11690 and 2415.
35
What is the greatest common divisor of 384 and 2298?
6
Wha